m - 9. Suppose -m*p + 5*v + 29 = 0, -3 = 3*p + 6*v - 3*v. Let s = 7 - p. Is s a composite number?
True
Let o(n) = -16*n**3 + 5*n + 2. Is o(-3) composite?
False
Is -2994*(-4 - -3) - -5 composite?
False
Let n be 2 + -1 + -1 + -57. Let u = -32 - n. Suppose -19 - u = -4*c. Is c a composite number?
False
Let i be -7 - -4 - (-7)/1. Let s be (-110)/(-15) - i/(-6). Let q = 10 - s. Is q composite?
False
Let f(r) = -r - 8. Let g be f(-10). Suppose -4*l + a = -15 + g, -4*a = -3*l + 13. Suppose m = -5*u - l*m + 605, 5*u - m = 605. Is u a prime number?
False
Let j(u) = -2*u + 4 - u - 13*u - 11*u. Let z be j(4). Let f = 147 + z. Is f composite?
False
Let o be -29*(1 + 0 - 5). Is o/(-3 - (-10)/2) a composite number?
True
Let t(u) = 431*u + 5. Let w be t(7). Is (-6)/9 + w/6 a prime number?
True
Suppose -5*k - 6982 = -3*i, -2*i + 0*i = 3*k - 4623. Is i a composite number?
True
Let x be (-1)/(-2) + (-10)/(-4). Suppose -3*t = -x*g + 141, 5*t + 39 = 2*g - 55. Is g prime?
True
Let k(j) = 270*j - 5. Is k(5) prime?
False
Let y = 9 - -83. Is (1/2)/(2/y) prime?
True
Let t(i) = -i**3 + 19*i**2 - 18*i + 11. Is t(15) prime?
True
Suppose h - 2 = -0. Suppose h*c = 14 + 264. Is c composite?
False
Let j(v) = v**3 + v - 1. Let q(h) = -h**3 - 6*h**2 - 4*h + 7. Let s be q(-5). Let i(x) = 3*x**2 - 5*x - 1. Let c(a) = s*j(a) + i(a). Is c(4) composite?
True
Let k(r) = -12*r**3 - 3*r**2 - 13*r + 25. Is k(-10) a composite number?
True
Suppose 3*g = 2*g. Suppose 0 = -n - g*n + 2. Suppose n*o - 198 = -4*z, 3*o - 7*o + 5*z = -344. Is o composite?
True
Suppose 1 = -t + 5. Suppose 3*g - 3*q + 0*q - 564 = 0, 728 = 4*g + t*q. Is g prime?
False
Let q = 5 + -3. Suppose 5*u - 311 - 131 = -3*z, 4*z - q*u - 598 = 0. Is z a prime number?
True
Let w(x) = -11*x + 6. Suppose -5*g - 16 = 19. Is w(g) prime?
True
Let d(p) be the first derivative of -p**2 + 9*p - 2. Is d(-12) a prime number?
False
Is -1 + (216/20)/((-1)/(-5)) composite?
False
Let s = 265 + -450. Is (s/10)/(2/(-4)) prime?
True
Let d = 85 - 35. Suppose 2*q = d - 8. Is q a prime number?
False
Let u = -17 + 18. Is (-2)/2*(-264 + u) a composite number?
False
Let y(n) = n - 5. Let l be y(-7). Let p = -8 - l. Is p prime?
False
Suppose 0*t = 2*t - 4. Suppose -t*w = -83 + 1. Suppose 38 = g - w. Is g a prime number?
True
Let n = -393 - -724. Is n composite?
False
Let m(v) be the first derivative of v**3 - 5*v**2/2 - 4*v - 2. Let s be m(4). Suppose -s - 14 = -2*q. Is q prime?
True
Let p(x) = -x**2 + 16*x + 19. Is p(14) a prime number?
True
Let s(z) = 12*z**2 + 4*z + 3. Let n be s(-2). Let x = 62 - n. Is x a prime number?
True
Let h be 4/10 - 2/5. Suppose h*u - 4*u = -8. Suppose -u*q = -31 + 1. Is q composite?
True
Suppose -5*l - 17 = -2. Let v be 1 - 2/3*l. Suppose -v*p + 764 = -247. Is p a composite number?
False
Let c = -919 + 1386. Is c a composite number?
False
Let x = -17 - -24. Is x a composite number?
False
Suppose 41*m - 46*m + 5385 = 0. Is m composite?
True
Is (-6)/33 - (-22413)/33 prime?
False
Let s(n) be the second derivative of 5*n**4/3 - n**3/3 - n**2/2 - 3*n. Is s(-1) composite?
True
Let r = -468 - -823. Is r a prime number?
False
Let q(f) = -f**2 - 7*f - 9. Let w be q(-6). Is 68 - 2/1 - w a composite number?
True
Suppose 2*q + 3*b - 394 = 0, 0*q = -3*q + 3*b + 606. Let y = -114 + q. Is y a composite number?
True
Suppose 0 = 18*t - 13*t - 1585. Is t a composite number?
False
Let f = 2823 - -976. Is f composite?
True
Suppose -2770 = -4*v - 3*b + 5*b, -2*v + 4*b + 1394 = 0. Is v composite?
False
Suppose -5*t + 792 = -5*g - 293, -2*t + 5*g = -422. Is t a prime number?
False
Let b = 28 - -36. Let m(o) = o**2 + 14*o - 7. Let x be m(-12). Let i = x + b. Is i prime?
False
Let h(a) = 2*a - 9. Let z be h(8). Suppose 5*j + z = 42. Is j prime?
True
Let l be (2 - 0) + 0 + -2. Suppose l = 5*o - 60 - 995. Is o prime?
True
Suppose -3*r - 5*f = -1139, 5*r - 384 - 1485 = -f. Is r composite?
False
Let h be (-3)/(-5) - 1810/(-25). Let f = h - 34. Is f a composite number?
True
Suppose 1467 = 5*m + 167. Suppose 4*t = m - 48. Is t a prime number?
True
Let v = 96 - 50. Let m = v - 21. Is m prime?
False
Suppose s - 184 + 73 = 0. Is s prime?
False
Let d = 43 - 25. Suppose 6*v = 4*v - 4*g + d, 2*g = 4. Let t(n) = 33*n - 2. Is t(v) a prime number?
True
Let p = 26 + 23. Suppose -p - 68 = -3*c. Is c a composite number?
True
Let r be (-107)/(-7) + 2/(-7). Let s be 9/r*(1 + 4). Suppose 0 = -5*v, -6*c + c = -s*v - 235. Is c composite?
False
Suppose 0*t - 3*t = -4*y + 230, -4*t = -4*y + 228. Is y a prime number?
True
Suppose -17*p - 1743 = -20*p. Is p composite?
True
Let r(k) = 162*k**2 - 2*k + 1. Let f be r(1). Suppose 0 = o - 0*o - f. Is o a prime number?
False
Suppose 0 = -z + 62 + 605. Is z composite?
True
Let i be (-81)/(-6)*(-2)/(-3). Let l be (0/(i/3))/1. Let k(u) = u + 31. Is k(l) prime?
True
Let b(q) = q**2 - q + 7. Let j be -2 + 1*3/(-1). Let m = j + 5. Is b(m) a composite number?
False
Is 2/8 - 21793/(-76) a prime number?
False
Suppose 2*a - 12 = -2*t, -4*t = 5*a - 27 - 0. Suppose -a*v + 2*v = -35. Is v a prime number?
False
Let r(u) = -8*u - 9. Let g be r(-4). Let n = g - 1. Is n a composite number?
True
Let f(h) = -138*h. Let v be f(2). Let w be (8/3)/((-8)/v). Let s = 5 + w. Is s composite?
False
Let m = -7 - -19. Let c = 22 + 4. Let h = c - m. Is h composite?
True
Let v(r) = 6*r**2 - r. Is v(5) prime?
False
Let j(n) = 157*n**3 - n**2 + 3*n - 2. Is j(1) a prime number?
True
Let n be 0*(1 + 9/(-6)). Suppose -4*p + 3*q + 839 = 186, 2*p + 2*q - 316 = n. Is p composite?
True
Let f = 5 - 1. Suppose -2*g = f - 102. Is g a prime number?
False
Let l(w) = w**2 - 3*w - 2. Let i be l(4). Suppose 4*c + 5*f = 15, 8 = -c + i*f + 2. Is 18*2 - (-1 + c) a prime number?
True
Let m(r) = -r - 9. Let o be m(-9). Suppose 7*n - 2*n = o. Let j(t) = -t**2 + 106. Is j(n) prime?
False
Let y(x) = 2*x**3 + x**2 - 1. Suppose 4 = -f, -s - f = -2*s + 5. Let p be y(s). Suppose o + 4*q = -o + 12, 5*o + p*q = 62. Is o prime?
False
Let y = -12 - -38. Let b = -18 + y. Suppose 3*l - b*l = -175. Is l prime?
False
Let f be (-3)/(-2)*-2 + -9. Let x be (-3)/(-9) + 74/3. Let p = x - f. Is p composite?
False
Let o(g) = 6*g**2 + 10*g + 19. Is o(-11) prime?
False
Let o = -7 - -4. Let c(v) = 110*v**2 + v - 4. Is c(o) prime?
True
Let b be -3*(133/(-3) - -4). Let f = 266 - b. Is f a composite number?
True
Is (-554)/(-3)*15/5 composite?
True
Let h = -162 + 573. Is h composite?
True
Suppose -5*g - 34 = -4. Let w be 1 + 0 + -1 - -2. Is (-89)/(3/g*w) a prime number?
True
Let y = 22 + -22. Let k(z) = z - 26. Let s(q) = 2*q - 52. Let r(o) = 5*k(o) - 3*s(o). Is r(y) a prime number?
False
Let r = -4 - -7. Suppose 0 = -2*k + 4*k - 2102. Suppose -r*j = -5*t + k, 4*t - 791 = -5*j + 35. Is t a composite number?
True
Let b = 2654 - 1760. Suppose 4*l + 322 - b = 0. Is l a composite number?
True
Let h(n) = 2*n + 12. Let w be h(-5). Suppose w*p - s - 321 = 0, 0 = 2*p - 0*p - 3*s - 327. Is p a prime number?
False
Suppose -2*m - 289 = -3*i + 58, 0 = 3*i - m - 352. Is i a prime number?
False
Let o = 24 + -6. Let c = o + -13. Suppose -c*i + 16 = 1, 23 = f + 3*i. Is f prime?
False
Suppose 0 = -7*o + 3*o - 3*b + 305, 5*b + 59 = o. Suppose 0 = -j + o + 23. Is j prime?
True
Let x(u) = u**3 + 4*u**2 - 7*u - 5. Let l be x(-5). Let n(d) = 6*d + 6. Let q(z) = 7*z + 6. Let b(o) = 4*n(o) - 3*q(o). Is b(l) composite?
True
Let n be (1 - (2 + -1))/(-2). Let t = 4 + n. Suppose 3*i = -t*h - h + 239, 4*h + 2*i - 192 = 0. Is h prime?
False
Suppose 6*g - 232 = 2*g + 4*m, -2*m = -4*g + 226. Suppose 3*v - 24 = -2*z, g = 4*v - 4*z - z. Is v prime?
False
Let v(m) = 2. Let i(p) = 71*p - 994. Let q(u) = 2*i(u) + 994*v(u). Is q(1) a prime number?
False
Let w(l) = l**3 + 6*l**2 + 6. Let x be w(-6). Is (-4)/x*3 + 28 a prime number?
False
Suppose -f = -5*j + 5 - 1, 0 = 5*f + j - 84. Suppose 0 = 3*t + 8 + f. Let u(k) = k**3 + 9*k**2 - 2*k - 1. Is u(t) a composite number?
False
Let k(x) = -x**2 + 7*x + 5. Let y be k(7). Suppose -114 - 161 = -y*n. Is n composite?
True
Suppose 5 = -m, c + 10 = -3*m - 15. Is (4 + c)*(-31)/2 a composite number?
True
Let d(s) = -7*s - 10. Let u be d(-10). Let a = -10 + 14. Suppose 4 = -a*b, -2*b = -3*c + 2*c + u. Is c a composite number?
True
Let j = -5 - 1. Let x be (-1 - 0)*(j + 3). Suppose -9 = -x*w, -3*q - 4*w 